{"id":95,"date":"2021-07-18T08:40:49","date_gmt":"2021-07-18T08:40:49","guid":{"rendered":"https:\/\/demo.athemes.com\/botiga\/?post_type=product&#038;p=95"},"modified":"2024-09-11T21:31:10","modified_gmt":"2024-09-11T21:31:10","slug":"deep-sweep-2-bha-pore-cleaning-toner-with-moringa","status":"publish","type":"product","link":"https:\/\/ingenioeducativo.mx\/index.php\/product\/deep-sweep-2-bha-pore-cleaning-toner-with-moringa\/","title":{"rendered":"EC0076 Evaluaci\u00f3n de la competencia de candidatos con base en Est\u00e1ndares de competencia."},"content":{"rendered":"<p>El est\u00e1ndar de competencia <strong>&#8220;EC0076&#8221;<\/strong> es un referente esencial para la evaluaci\u00f3n con fines de certificaci\u00f3n de las personas encargadas de evaluar la competencia de candidatos, bas\u00e1ndose en Est\u00e1ndares de Competencia, y garantizando la excelencia en el proceso de evaluaci\u00f3n.<\/p>\n<p>Este est\u00e1ndar abarca las funciones fundamentales que una persona debe desempe\u00f1ar para evaluar a quienes valoran la competencia laboral de los candidatos seg\u00fan los Est\u00e1ndares de Competencia. Adem\u00e1s, se basa en principios rectores como la legalidad, competitividad, libre acceso, respeto, trabajo digno y responsabilidad social.<\/p>\n","protected":false},"excerpt":{"rendered":"<p>El Est\u00e1ndar de Competencia &#8220;<strong>EC0076&#8243;<\/strong> es una gu\u00eda para la certificaci\u00f3n de evaluadores de competencias basadas en Est\u00e1ndares de Competencia. Define las funciones esenciales para evaluar a quienes realizan estas evaluaciones.<\/p>\n","protected":false},"featured_media":1133,"comment_status":"open","ping_status":"closed","template":"","meta":{"_eb_attr":""},"product_cat":[21],"product_tag":[],"class_list":{"0":"post-95","1":"product","2":"type-product","3":"status-publish","4":"has-post-thumbnail","6":"product_cat-estandares-de-competencia","8":"first","9":"instock","10":"sale","11":"shipping-taxable","12":"purchasable","13":"product-type-simple"},"_links":{"self":[{"href":"https:\/\/ingenioeducativo.mx\/index.php\/wp-json\/wp\/v2\/product\/95"}],"collection":[{"href":"https:\/\/ingenioeducativo.mx\/index.php\/wp-json\/wp\/v2\/product"}],"about":[{"href":"https:\/\/ingenioeducativo.mx\/index.php\/wp-json\/wp\/v2\/types\/product"}],"replies":[{"embeddable":true,"href":"https:\/\/ingenioeducativo.mx\/index.php\/wp-json\/wp\/v2\/comments?post=95"}],"wp:featuredmedia":[{"embeddable":true,"href":"https:\/\/ingenioeducativo.mx\/index.php\/wp-json\/wp\/v2\/media\/1133"}],"wp:attachment":[{"href":"https:\/\/ingenioeducativo.mx\/index.php\/wp-json\/wp\/v2\/media?parent=95"}],"wp:term":[{"taxonomy":"product_cat","embeddable":true,"href":"https:\/\/ingenioeducativo.mx\/index.php\/wp-json\/wp\/v2\/product_cat?post=95"},{"taxonomy":"product_tag","embeddable":true,"href":"https:\/\/ingenioeducativo.mx\/index.php\/wp-json\/wp\/v2\/product_tag?post=95"}],"curies":[{"name":"wp","href":"https:\/\/api.w.org\/{rel}","templated":true}]}}